e the highest common factor of 24 and o.
8
Let y(a) = a**3 + 7*a**2 + 4*a - 8. Let n be y(-6). Suppose -n*p + 6*p = 22. Let j(i) = 4*i + 7. Let q be j(1). Calculate the greatest common factor of q and p.
11
Let m = 18 - -126. What is the highest common divisor of 16 and m?
16
Suppose 39 + 24 = 3*f. Let q = -548 - -985. Suppose 4*j - q = 487. What is the greatest common factor of f and j?
21
Suppose 16*p = 10*p + 84. What is the greatest common factor of p and 7?
7
Suppose -4*x - 5*t = -4, 0 = -3*x + x - 3*t. Suppose -20*k + 120 = -12*k. Calculate the highest common factor of x and k.
3
Suppose -2*z = -0*z - 12. Let u = 3 + z. Suppose 2*m - 34 = -5*a, -5*m = 3*a - 2*m - 24. Calculate the highest common divisor of u and a.
3
Let v = 377 + -353. Let t(k) = k + 216. Let f be t(0). What is the greatest common divisor of f and v?
24
Suppose -4*p + 0*p + 555 = 5*x, 0 = 5*p + 3*x - 710. What is the highest common divisor of p and 10?
5
Suppose 36*q - 41*q + 2*j = -38, 5*j = -5*q + 45. What is the greatest common divisor of 1 and q?
1
Let j = 59 - 46. Let x(t) = 2*t**3 + 13*t**2 + 2*t - 11. Let v be x(-6). Calculate the highest common factor of j and v.
13
Let o be (5 + 13)/((18/24)/3). Calculate the greatest common divisor of 306 and o.
18
Suppose 5*x - 62 = -5*t + 6*t, 4*x + t = 46. Calculate the highest common divisor of x and 16.
4
Suppose 0 = -11*g - 3*g + 3150. What is the highest common divisor of g and 45?
45
Let y = 9 - 7. Let g(c) = 0 + y + c**2 - 4*c - 5. Let f be g(-6). What is the greatest common divisor of 38 and f?
19
Let c = -174 - -253. Let y = c - -11. Calculate the highest common factor of y and 30.
30
Suppose -3*x = -4*x - 4*y + 3, -3*y = 4*x - 12. Let r be 0/(x + -6) - -25. What is the highest common factor of r and 5?
5
Suppose 2*p - 285 = p + 3*f, 5*p - 1375 = 5*f. Calculate the highest common divisor of p and 20.
10
Let j(a) = a**2 - 8*a + 15. Suppose 4*d = p + 2*d - 13, 0 = -2*d - 6. Let x be j(p). Suppose -31 = -5*c + 29. What is the highest common divisor of x and c?
4
Let p(f) = -2*f + 7. Let k be p(-2). Let s(v) = -v**3 + 12*v**2 - 8*v + 9. Let i be s(k). What is the highest common divisor of i and 63?
21
Suppose -25*y + 2970 = 5*y. What is the greatest common factor of 33 and y?
33
Let h = -10 + 75. Calculate the greatest common divisor of 52 and h.
13
Suppose 3*z + 30 = -2*f, 2*f - z + 22 = -24. Let c be (-2737)/f - 3/9. Calculate the greatest common divisor of c and 52.
26
Let v = 120 + -118. Suppose -v*y + 21 + 7 = 0. What is the greatest common divisor of 14 and y?
14
Let q = 2563 + -1896. Calculate the highest common divisor of 203 and q.
29
Let l be 49 - (17/7 + 24/42). What is the highest common divisor of 138 and l?
46
Let o(r) = 8*r + 411. Let i be o(-12). What is the highest common factor of 45 and i?
45
Suppose 5*k + 213 = -3*p - 66, -4*k - 207 = -3*p. Let z = -39 - k. What is the highest common factor of z and 3?
3
Let l(p) = -3*p - 6 - 1 - 5 - 1. Let i be l(-7). What is the greatest common factor of 72 and i?
8
Suppose 64 = 5*b - 116. Let y = 29 - -25. What is the greatest common divisor of b and y?
18
Suppose 248 = 3*l + 5*v, -16 = -3*l - 3*v + 242. Let g = 8074 - 8067. What is the greatest common divisor of l and g?
7
Let s(h) = 3*h**2 - 2*h - 2. Let l be (2/6)/((-5)/(-105)). Let k = -9 + l. Let j be s(k). Calculate the highest common factor of 35 and j.
7
Let w(v) = 147*v + 9. Let p be w(4). Suppose -3*j = -12, 5*o = -4*j + j + p. Calculate the highest common divisor of o and 39.
39
Let t be 11*((-3210)/3)/(-10). Calculate the highest common factor of 11 and t.
11
Suppose -4*q + 11 + 213 = 0. Calculate the greatest common divisor of q and 40.
8
Suppose 210 = 3*l - 0*l. Suppose 17*w = 23*w - 60. What is the greatest common divisor of w and l?
10
Let k = 47 + -9. What is the highest common factor of 57 and k?
19
Let l(g) = -3*g**2 - 5*g - 1. Let z be ((-8)/6)/(1/3). Let q be l(z). Let y = -21 - q. What is the greatest common factor of y and 88?
8
Suppose -m - 3*m = 4*n + 4, 15 = -3*m. Let r = n - -58. What is the highest common factor of 31 and r?
31
Let r(b) = -26*b + 222. Let n be r(-16). Calculate the highest common factor of 22 and n.
22
Let v = -127 - -127. Suppose -3*l + 5*x + 46 = v, 0*l + 4 = -3*l - 5*x. Let f = 113 + -50. Calculate the highest common factor of f and l.
7
Let l be (-16)/(-192) - (-2974)/24. What is the greatest common factor of 62 and l?
62
Let y(n) = -6*n - 10. Let x be y(10). Let f = -30 - x. Let s = 60 + -44. What is the highest common divisor of f and s?
8
Suppose -3*p = 4*i + 8, -333*p + 334*p = i + 9. Let s = 54 - 22. Calculate the highest common divisor of p and s.
4
Let b be (-14)/21*(1 + -7). Let a(i) = 3*i**2 + 2*i - 6. Let h be a(b). Calculate the greatest common divisor of 75 and h.
25
Let u = -11 - -20. Let i be ((-49)/(-28))/((-2)/(-8)). Let y = u + i. Calculate the highest common divisor of y and 2.
2
Let p be ((-20 - -8) + 9)*1/2*-14. Suppose 3*s - 44 = -5*b, 26 = 7*b - 2*b - 3*s. Calculate the greatest common factor of p and b.
7
Let r be (-4)/6 - 267/(-9). Let x(j) = 2*j**3 + 6*j - 7. Let u(a) = 4*a**2. Let g be u(1). Let d be x(g). What is the highest common divisor of d and r?
29
Suppose -5*r + 10*p = 6*p - 229, -4*r = -3*p - 183. Let f be 2524/24 + 1/(-6). What is the highest common factor of r and f?
15
Let o = 426 - 425. Suppose -3*i - 3*g + 24 = 0, 0*i + g = i - 14. Calculate the greatest common divisor of o and i.
1
Let h(p) be the first derivative of 8*p + p**3 - p**2 - 11 - 1/4*p**4. Let t be h(-4). Calculate the greatest common factor of 16 and t.
16
Suppose 13*k - 1918 = 214. Calculate the highest common divisor of k and 41.
41
Suppose j = k + 24, -2*k - 68 = 16*j - 19*j. Calculate the highest common divisor of 8 and j.
4
Suppose 0 = -2*a - 8 - 26. Let p be (a/3)/(6/(-18)). What is the highest common factor of p and 153?
17
Let b = -153 + 153. Suppose -2*c - 2*c + 144 = b. Calculate the greatest common factor of c and 45.
9
Let o(c) = c**3 - 6*c**2 + c + 7. Let i be o(5). Let m = -7 - i. Let v be (28/6)/(m/45). What is the greatest common divisor of 7 and v?
7
Let k(b) = 3*b - 10. Suppose u + 5 = 0, -52 = -4*t + 3*u - 5. Let w be k(t). Calculate the greatest common factor of 14 and w.
14
Suppose -77*j + 91*j = 84. Suppose -m - 4 = -3*m. Suppose d - 40 - m = 0. What is the highest common divisor of j and d?
6
Suppose 0 = 9*b - 2*b - 4046. Suppose -7*k - 137 = -b. Calculate the highest common factor of 9 and k.
9
Suppose -12*q + 4595 + 865 = 0. Calculate the greatest common factor of q and 35.
35
Let g be (-1)/(2 + 45/(-20)). Suppose -3*r - 2*r + 205 = -g*o, -5*o + 12 = r. Calculate the greatest common divisor of r and 148.
37
Suppose -8*o + 7440 = 23*o. What is the highest common factor of o and 20?
20
Suppose 941 + 12919 = 22*o. What is the greatest common divisor of o and 63?
63
Let b = -1 + 7. Let q(u) = 22*u + 131. Let p be q(-5). What is the greatest common divisor of p and b?
3
Suppose 145 = 3*w - 3*y - 47, -3*y + 204 = 3*w. What is the highest common divisor of w and 176?
22
Let f(r) = -r**2 - 28*r - 30. Let q be f(-26). Calculate the highest common factor of 88 and q.
22
Suppose 3*m + 7 - 22 = -3*j, m - 4*j = 0. Let p = 7 - m. Suppose 2*q = -2*v + 14, 4*v + 8 = 2*q - p*q. Calculate the greatest common factor of q and 12.
12
Let n be 1*(9 - 1)/4. Let g = n - -31. Suppose 4*t = h + 523, 4*t - 4*h = 352 + 156. What is the greatest common divisor of t and g?
33
Suppose -2*b = 2*z - 20, -5*b + 3*z + 59 = 41. Let m be (2/4)/((-1)/(-4)). What is the highest common factor of b and m?
2
Suppose -y + 8*i = 9*i - 405, 3*i = 4*y - 1634. Calculate the greatest common divisor of 148 and y.
37
Let y be (24/20)/(2/(-50)). Let x be 20/(40/(-8)) - -25. Let q = x - y. What is the highest common divisor of q and 17?
17
Suppose 2 = -2*v + 3*v. Let c(j) = -4*j**3 + 6*j**3 + 2*j + 6*j**v - 3*j**3 + j. Let s be c(5). Calculate the highest common divisor of 8 and s.
8
Suppose -1 = -s, 0*s + 16 = 2*h + 4*s. Suppose 0 = -2*m + 4*x + h, 4*x = 3*m + 7*x - 45. Let k be 3*4/6 - -9. Calculate the highest common factor of k and m.
11
Let b(n) = -22*n + 135. Let a be b(6). What is the highest common factor of 249 and a?
3
Let j = -12 + 15. Suppose -100 = -j*k + 8*k. Let q = k +